ousands digit of p?
8
What is the thousands digit of (-85)/595 + 74831/7?
0
Suppose -79*v + 9754 = -47284. What is the hundreds digit of v?
7
Let u(b) = -b**2 - 15*b - 45. Let s be u(-7). Let j = 171 - 56. Suppose 10*n = s*n - j. What is the hundreds digit of n?
1
Let z be ((-8)/(-12))/((33/630)/11). What is the tens digit of (-6*z/(-75))/((-3)/(-75))?
8
Suppose -2*c + c + 8 = 0. Suppose 4*l = -4*u + 72, u + 0 = -4*l + 15. Let f = u + c. What is the tens digit of f?
2
Let i(b) = -b**3 + 6*b**2 + 5*b - 28. Let k be i(6). Let c(u) = 181*u - 12. What is the tens digit of c(k)?
5
What is the units digit of 7/2*(1657 - -61)?
3
Let d = 2658 + -1506. Suppose 0 = 3*r - d + 231. What is the hundreds digit of r?
3
Let y = 44 - -606. Let l = -255 + y. What is the units digit of l?
5
What is the ten thousands digit of ((-10)/18)/(-5) - ((-1999600)/36)/5?
1
Let d = -29507 + 44067. What is the tens digit of d?
6
Let b be -11 - (-1 - 0 - 2). Let k be (0 - 54/b)/((-9)/(-48)). Let v = 208 - k. What is the hundreds digit of v?
1
Let w = -3 + -24. Let d be 6/w + ((-580)/36)/(-5). Suppose 151 = 2*m + d*f, 5*m = -0*f + 2*f + 406. What is the units digit of m?
0
Let n(y) = -2*y**3 + 3*y**2 + y - 32. Let u be n(-4). Suppose -279 = -5*a + 111. Let b = u - a. What is the tens digit of b?
6
Suppose 0 = 2*a + 152 - 16. Suppose 3*x - 18 = 3*y + 42, 60 = -3*y + x. Let j = y - a. What is the tens digit of j?
4
Suppose m + 6678 = -6*m. Let j = m - -1484. What is the hundreds digit of j?
5
Let l = -2875 - -3335. What is the hundreds digit of l?
4
Let t(g) = -g**3 - 13*g**2 + 4*g + 62. What is the tens digit of t(-24)?
0
Let k = -10308 - -19520. What is the units digit of k?
2
Let c(x) = -x**3 - 10*x**2 + 7*x - 12. Let a be -11*(-2)/(-7 + 5). What is the tens digit of c(a)?
3
Suppose 4*o + 19584 = 54684. What is the thousands digit of o?
8
Let l = 19716 + -244. What is the units digit of l?
2
Let m = -331 + 413. Let l = m + 5. What is the units digit of l?
7
Let n be -6*2/(-3) - 2 - 2. Suppose -c + 3 = 0, -y - 3*c + 2*c + 147 = n. What is the tens digit of y?
4
Let b(t) = 5 + 4217*t**3 + t**2 - 1 + 4*t - 4311*t**3. Suppose 0 = -2*k - 0*k + 2*o - 6, o = -2*k. What is the tens digit of b(k)?
9
Suppose 0 = 4*f + i - 5, f + 2*i = 2*f - 8. Suppose -k - 4 = -f*k. What is the tens digit of -4 + k + 4 - -37?
4
Let j(l) = -7*l + 7*l**3 - 4 - 2*l + 0*l - 3*l**2 - 2*l. What is the tens digit of j(4)?
5
Let l(r) be the first derivative of r**3 - 2*r**2 - 35*r - 5. What is the tens digit of l(7)?
8
Let s(m) = 3 - m - 3 - 3 + 1. Let j be s(-6). Suppose y + 8 = 5*y + j*a, 0 = y - 2*a - 11. What is the units digit of y?
5
What is the units digit of (-28)/(5292/(-96147)) - 2/(-7)?
9
Let f = 49453 + -34851. What is the units digit of f?
2
Let b = 5864 + -1431. What is the tens digit of b?
3
Suppose -5*g - 3*f = 1020 - 141, 4*f + 882 = -5*g. Let l = 9 - 42. Let n = l - g. What is the units digit of n?
1
Suppose -133 = -y - 6*y. Suppose y*n = 20*n - 255. What is the units digit of ((-4)/(-6))/(4 + (-1010)/n)?
7
What is the tens digit of ((-400)/(-225))/16 - (-237176)/9?
5
Suppose -6*a - 74 = -110. Let q be -5 + (-5 + a - 4). Let c(u) = -u**3 - 5*u**2 - 6*u + 19. What is the tens digit of c(q)?
5
Suppose -14*f - 39 = -f. What is the tens digit of f/(-6)*13904/22?
1
Let g(k) = -134 - 49 - 35*k + 93. What is the units digit of g(-42)?
0
Suppose -26 = -5*p + 34. Let q be 86/p - (-9)/(-54). Suppose m + 5*x = -22, 5*x - 6*x = 4*m - q. What is the units digit of m?
3
Suppose 4*n = 8*n - 4*b - 12, 55 = 5*n + 5*b. What is the tens digit of ((-499)/(-7) - 5) + (-2)/n?
6
What is the ten thousands digit of 38/(-247) + -2*(-502023)/26?
3
Let f(v) = -6*v**3 + 25*v**2 + 231*v - 8. What is the units digit of f(-17)?
8
Suppose 1 = 3*y - z - 8, 3*y - 9 = -5*z. Suppose 4*a - 144 = -2*j, j - 2*j - y*a + 69 = 0. What is the tens digit of j?
7
Let j = -74 - -76. Suppose 0 = -n - j*o + 4 + 4, -3*o = -5*n + 40. Suppose 0 = -2*p + n*p - 876. What is the units digit of p?
6
What is the units digit of (-702)/(6/(-42) + 2/210)?
5
Let p be (-37)/(-2) - 8/(-16). Let d = 20 - p. What is the tens digit of 12/d*72/54?
1
Suppose -5*i = -12 - 113. Suppose 3*s = -2*g + i, -4*s = -4*g - 5*s + 25. Let u = g - -79. What is the tens digit of u?
8
Let n = 86 + -82. Suppose -n = -10*r + 8*r. Suppose -3*x = 0, -1 + 69 = r*q + 2*x. What is the units digit of q?
4
Let h = 458 + -140. Let f = h + -160. Suppose 230 = 3*s + 2*z, -2*s = -0*s - z - f. What is the units digit of s?
8
Let j(f) = -30590*f - 5387. What is the units digit of j(-2)?
3
Let j = 71462 - 40204. What is the hundreds digit of j?
2
Let j(f) = -2060*f + 9. What is the hundreds digit of j(-3)?
1
What is the ten thousands digit of (4/5)/((-40)/(-20) + (-114049)/57025)?
4
Suppose 4*x = 4*h + 28, -3*x + 2*h + 2 = -14. Let l be ((-1 - 0) + -7)/x. What is the units digit of 362/8 + 1/l?
5
Let q(o) = 4*o**2 - 42*o + 23. Let s be q(10). Suppose -3682 = -5*l - d, 4*l - 2*l - 1466 = s*d. What is the hundreds digit of l?
7
Let u = -52 + 54. What is the units digit of 394/4 + u/4?
9
Suppose -4*n = 4*j - 640, 2*j + 3*n - 802 = -3*j. Suppose 3*m + j - 1397 = 0. Suppose -d + 273 = 2*z, -4*z + 7*z - d = m. What is the units digit of z?
7
Let x = 65 + -37. Suppose -4*k + n + 131 = 0, 5*n + x = k - 0*k. What is the tens digit of k?
3
Let y be (-5)/2*(-96)/40. Suppose 11*k = y*k + 2*r + 3195, 2*k = -4*r + 1278. What is the units digit of k?
9
Let d(j) = -62*j + 13. Let o = -31 + 33. Suppose 0*r = 3*r - 5*i + 21, i = o*r + 7. What is the tens digit of d(r)?
3
Let o = 10535 + -7517. What is the thousands digit of o?
3
Let g(u) = 2*u**3 - 25*u**2 + 3*u + 229. What is the tens digit of g(15)?
9
Suppose 2*i + i = -u + 124, i + 444 = 4*u. Let b = u - 109. Suppose 0*j + b*j = 5*r - 833, 4*r - 4*j - 660 = 0. What is the hundreds digit of r?
1
Suppose -146*n + 175*n - 27304 = 27709. What is the thousands digit of n?
1
Let g = -44739 + 65812. What is the units digit of g?
3
Suppose -107*h = -124*h + 83419. What is the hundreds digit of h?
9
Suppose -4765728 = -1390*v + 1294*v. What is the thousands digit of v?
9
Let s = 38285 + -23236. What is the tens digit of s?
4
Let v(h) = 206*h - 459. Let b be v(-7). Let g = b - -3755. What is the tens digit of g?
5
Suppose 83 - 837 = 13*t. What is the hundreds digit of 20/(-18)*3*(4 + t)?
1
Let c(a) = -3*a**2 - 2*a + 10. Let t be c(2). What is the units digit of (-36)/(-27) + (-3376)/t?
4
Let r(x) = -143*x - 2227. What is the ten thousands digit of r(-88)?
1
Let n be (3 - (0 + 1))*(-11 + 70). Let y = -62 + n. Suppose -y + 5 = -k + 3*z, 4*k - 170 = -5*z. What is the tens digit of k?
4
Suppose 4*l + 92 = 3*w - 1437, 6 = 2*w. Let s = 177 - l. What is the hundreds digit of s?
5
Let w = 260 + -186. Suppose 14 = -3*x + w. Suppose -16 = -4*o, -4*a - o + 88 = -x. What is the units digit of a?
6
Let a(j) = 4*j**2 - 5*j**2 - 8198 - 8*j + 8212. What is the tens digit of a(-8)?
1
Suppose 4 - 16 = -3*k. Suppose 29*a = 9*a + 40. Suppose -k*l - a*l = -1272. What is the units digit of l?
2
Let n(r) = -6*r - 25. Let w be n(2). Let g(a) = a**2 + 4*a - 2. What is the units digit of g(w)?
9
Let r(t) = -27*t + 146. Let b be r(-35). Suppose 0 = 5*z + 106 - b. What is the tens digit of z?
9
What is the tens digit of (7 - (2 - 4428)) + 4?
3
Let a(l) = 16*l + 28. Let q(c) = -3. Let p(v) = 2*a(v) - 14*q(v). What is the units digit of p(14)?
6
Let x(c) = c**3 - 31*c**2 - 578*c - 31. What is the tens digit of x(59)?
3
Let p(s) = 217*s + 1. Let f be p(3). Let a(q) = 19*q**2 + 1160*q + 64. Let v be a(-61). Suppose -v*w = w - f. What is the hundreds digit of w?
1
Let k be 82/18 + 264/594. Suppose -k*o = -2*o + 2*a - 51, 0 = 5*o + 2*a - 81. What is the tens digit of o?
1
Suppose 28*o + 833 = 35*o. Let m = -36 + o. Suppose 5*x = 6*x - m. What is the units digit of x?
3
Suppose 13328 = 9*s - 7*s + 4*w, 26659 = 4*s + 5*w. What is the thousands digit of s?
6
Suppose -y = -2*y + 6. Let d(o) = 3*o**2 - 10*o - 111. Let u be d(17). Suppose -u - 290 = -y*t. What is the units digit of t?
6
Let d be -2 - (23 + -1)*-2. Let v = -53 + 86. Let h = v + d. What is the units digit of h?
5
Let k be 7195/15 - ((-35)/15 - -3). Let l = k + -81. What is the units digit of l?
8
Let c = 9256 + -49. Suppose 19*o = 1